*a + 43*a. What is the tens digit of a?
4
Suppose 129*q = 166*q - 262663. What is the hundreds digit of q?
0
Let x(r) = -r**3 + 131*r**2 - 676*r - 225. What is the ten thousands digit of x(120)?
7
Suppose -523*o = -526*o + 42. Suppose o*l - 5 = 9*l. What is the units digit of l?
1
Suppose u = g + 13418, -u + 335*g = 330*g - 13414. What is the ten thousands digit of u?
1
Suppose 3*d = 5*v - 168821, 0 = 2*v - 2*d - 58715 - 8807. What is the tens digit of v?
6
What is the thousands digit of (-43782*(-4)/84)/(10/35)?
7
Let w = 11657 - -3301. What is the units digit of w?
8
Suppose -111*m = -72*m - 313677. What is the thousands digit of m?
8
Suppose 9*m = 149 - 608. What is the tens digit of 4/(m/(-57) - 1)*-12?
5
Let c(n) be the second derivative of 29*n**4/3 - 2*n**3/3 - 2*n**2 - 2*n. Let v be ((-4)/(-6))/(6/(-9)). What is the units digit of c(v)?
6
What is the units digit of ((-30)/5 + -399)*(-6 + 3 + -2)?
5
Suppose 2*g + 12 = 20. Let h be (4 + -8)/g + 4. What is the tens digit of (h/9*-3)/(1/(-89))?
8
Let v(h) = -91*h - 247. Let f be v(-3). Suppose -3*d = -5*d + 224. Suppose j - f - 7 = -4*r, -3*j + r = -d. What is the units digit of j?
7
Suppose -103*f + 4801962 = 19466. What is the ten thousands digit of f?
4
Let t be 156/38 + 14/(-133). Suppose -2*w - 696 = -t*l, l = 13*w - 16*w + 188. What is the hundreds digit of l?
1
Suppose r = -5*c + 56224, 30 = 158*r - 163*r. What is the ten thousands digit of c?
1
Let s(k) = -298*k**3 + 2*k**2. Let i be s(1). Let j = i - -552. What is the units digit of j?
6
Let b(k) = -k**3 + 3*k**3 + k + 10*k**2 - k**3 - 11*k**2 + 172. Suppose 3*m + 14 = 5*s - 11, -2*s + 10 = -4*m. What is the units digit of b(m)?
2
What is the ten thousands digit of (4 - 7)*(-681683)/51?
4
What is the hundreds digit of 3/(408/(-16)) + 47340/102?
4
Suppose -v = 5*v - 745 + 169. What is the units digit of v?
6
Suppose -5*f + 65318 = 5*s - 12782, 9*s - 78096 = -5*f. What is the hundreds digit of f?
6
Let v = 31 - 35. Let a = 9 + v. What is the units digit of 6*4*a/20?
6
Suppose 78 = 27*h - 30. Suppose -c = -2*c + h*b + 93, -3*b - 181 = -2*c. What is the tens digit of c?
8
Let l = 500 - 969. Let m = l - -1189. Suppose 0*g = -10*g + m. What is the tens digit of g?
7
Suppose -33 = -2*c - 45. What is the hundreds digit of c/((-6992)/1396 + 5)?
6
Suppose -l - 4 = -y, -5*y - 2 = -2*l - 16. Suppose 12 = 3*j, h + y*j - 614 = -0*j. What is the units digit of h?
6
Suppose -4*x + 3*m = -383 + 55, -4*m = 3*x - 221. Let v(y) = 2*y**2 - 3*y - 43. Let a be v(-6). Let i = x - a. What is the units digit of i?
2
Let s = -9632 + 13937. What is the thousands digit of s?
4
What is the thousands digit of 1 - (-7)/(-9) - (-666178)/171?
3
Let s = -23 + 11. Let p be (1 + (-1 - -24))*9/s. What is the tens digit of 2/3 + (-1230)/p?
6
Let l(r) = -21*r**2 + 0*r**3 - 26 + 0*r - 3*r - r**3. Let n be l(-21). Suppose -n*m = -35*m - 156. What is the units digit of m?
8
Suppose -15*p = -14*p - 5. Suppose 1132 = z + 3*z + 5*y, -p*z - 4*y = -1406. What is the units digit of z?
8
Let m = 50 + -29. Let y = m - -240. Suppose -4*w - h = -2*h - 519, 2*w = -h + y. What is the tens digit of w?
3
Let u = -22 + 8. What is the units digit of (10/u)/(-5) - 27320/(-56)?
8
Let g(c) = -2*c + 35 - 7*c - 14*c + 83*c**2 - 81*c**2. What is the hundreds digit of g(16)?
1
Let j be 2/1 - (-1711 - (12 + -9)). Let s = j - 994. What is the hundreds digit of s?
7
Let q = -28 + 24. Let f be (14 + -10)*9/q. What is the units digit of 1058/18 + (-2)/f?
9
Suppose 10*j - 73527 = 5*j - 2*h, 0 = 5*j + 5*h - 73545. What is the units digit of j?
3
Let i be 28/(-8)*10/(-7). Suppose -2*t - 150 = b - 447, -t - 1474 = -i*b. Suppose 3*r - 5*a - 123 = b, -2*r - 5*a = -237. What is the hundreds digit of r?
1
Let a = -3344 - -62971. What is the units digit of a?
7
Suppose -5*f - 1109 = -2*q, q + q - 446 = 2*f. Let o = -356 - -223. Let d = o - f. What is the tens digit of d?
8
Suppose l - k = 5*l - 241, 2*k = -2*l + 116. Let p = 308 + l. Suppose -10*v + v + p = 0. What is the units digit of v?
1
Let w = 113 - 106. Let v(x) = 40*x**2 - 6*x - 12. Let s be v(w). Suppose -10*o + 834 = -s. What is the units digit of o?
4
Suppose -126*k + 73346 = -499847 - 600623. What is the thousands digit of k?
9
Let n(v) = 48103*v**2 - 3*v + 4. What is the units digit of n(1)?
4
Let j = -8417 - -13560. What is the thousands digit of j?
5
Let d(i) = 324*i - 12. Suppose -14 + 2 = -5*r - 3*g, -17 = -4*r + 5*g. What is the hundreds digit of d(r)?
9
Suppose 0 = 35*v - 28726 - 104799. What is the hundreds digit of v?
8
Let s(p) = 9*p**2 - 43*p - 506. What is the hundreds digit of s(-12)?
3
Suppose 5*p - 99679 = -3*y, -6*p + 119668 = 232*y - 236*y. What is the ten thousands digit of p?
1
Let g = -2623 - -3926. What is the thousands digit of g?
1
Suppose -5*h - 517140 = -9*h - 22*h. What is the ten thousands digit of h?
1
Let w = 138 + -144. What is the units digit of (-499)/(-5 - 27/w)?
8
Let v = -223 + 232. Suppose -v*r + 5430 = r. What is the tens digit of r?
4
Let d = 807 - 405. Suppose -6*f + d = -702. What is the hundreds digit of f?
1
Let s = -55 - -60. Suppose -4*m = 5*k - 1904, 3*k = -s*m + k + 2380. Suppose 4*r = 5*q - 3*q + m, -2*q - 357 = -3*r. What is the hundreds digit of r?
1
Let l = 16128 - -3187. What is the ten thousands digit of l?
1
Let u(h) = 2*h**2 - 4*h. Let j be u(4). Suppose -2*f + 6*f = j. Suppose -4*s - 14 = 2*i - f*i, -5*s + 41 = 2*i. What is the units digit of i?
3
Let r(s) = 14592*s**3 - 3*s**2 + 11*s - 9. What is the thousands digit of r(1)?
4
Let g = 2 + 9. Suppose g = 5*t - 9. Let h(j) = j**3 + j**2 + 8*j + 2. What is the tens digit of h(t)?
1
Suppose -2*l = 13*l - 45. Let u be -2*2/1 - (-278 - 0). Suppose l*v + 5*y - 411 = 0, 4*v + y = 2*v + u. What is the units digit of v?
7
Let y(a) = -6*a**3 + 15*a**2 + 22*a + 7. What is the thousands digit of y(-5)?
1
Suppose -22*w + 28*w = 18. Suppose 550 = -q + w*q. What is the hundreds digit of q?
2
Let k = -3 - -5. Let s = 3133 - 3127. Suppose -h = -k*w - 60, -s*w + 7*w = -2*h + 105. What is the units digit of h?
4
What is the thousands digit of -1*(-8)/(-76) + (931084/76 - 0)?
2
Let y(z) = -2*z + 23. Let h be 7*1 + 50/25. What is the units digit of y(h)?
5
Let m(a) = a**3 - 20*a**2 + 46*a - 27. Let h be m(18). Let o = h + 46. What is the tens digit of o?
9
Let f be -1*(-4)/(-10) - 54/(-10). What is the tens digit of 789*(-6)/(-30)*f - -4?
9
Let a = -24 + 33. Let u be (-3 + 5)*(-6)/2. What is the tens digit of (-2)/u - (-438)/a?
4
Suppose -5*c + 55 = 5*y, -2*y - 5 = -3*c + 2*c. Suppose 5*q = 2*a + 308, c*q + 2*a = 4*q + 312. What is the tens digit of q?
6
Suppose 79199 + 1065791 = 35*a. What is the units digit of a?
4
Suppose 8*h - 16 = 40. Suppose -2*g + 2*f - h*f = -683, 4*g - 4*f - 1408 = 0. What is the hundreds digit of g?
3
Let y(i) = 44*i**2 - 6*i - 5. Let h be y(-1). Let a be h/(((-1)/(-26))/(3/9)). Let q = 555 - a. What is the tens digit of q?
6
Suppose 4*t = 6*t - 3*a - 6343, 5*a - 25 = 0. Let f = t + -2242. What is the hundreds digit of f?
9
Let z(c) = -4821*c + 75. Let x be z(-5). Suppose -19*i + 32*i = x. What is the tens digit of i?
6
Let v = 295 - 260. Suppose v*n - 51*n = -2384. What is the units digit of n?
9
Let c = -1601 + 5041. Suppose 9*u - c = 4*u. Suppose -13*g + u = -5*g. What is the tens digit of g?
8
Let g = 329 + -309. Suppose -g*h = 2*h - 2662. What is the tens digit of h?
2
Let f(g) = -6*g + 20. Let y be f(9). What is the tens digit of ((-2)/3)/(y/7905)?
5
Let w(z) = 3*z + 26. Let q be w(-11). Let l(s) = s**3 + 6*s**2 - 9*s - 12. Let c be l(q). Let u(b) = 13*b**3 + 5*b - 1. What is the hundreds digit of u(c)?
1
Let f(c) = c + 3. Let b be f(-1). Suppose 5*u - 29 = k - b*k, -3*k + u = -7. What is the tens digit of (1/3)/(k/(-24)) + 67?
6
What is the hundreds digit of (266864/(-416))/((1/(-4))/1)?
5
Let x be ((-21)/28)/((-6)/40). Suppose 0*f - x*f = -385. Suppose -5*j - 3*a - f + 812 = 0, 3*j - 427 = a. What is the units digit of j?
4
Suppose -o - 33 = -12*o. Let x(j) = o - 48*j - 20 + 2. What is the units digit of x(-3)?
9
Suppose -62*q + 59*q = 5*x - 13853, 6*x - 4635 = -q. What is the hundreds digit of q?
6
Suppose -59 = -6*z - 35. Suppose -s + 4063 = 4*k, -6 = z*s - 2. What is the units digit of k?
6
Suppose -4*d + 7928 = 5*q, 44*d